 - 455, g + 4*b = 227. Calculate the remainder when g is divided by 34.
31
Let o(w) = -24*w - 42*w + 13 + 24*w**2 + 69*w. Suppose 4*x + 3*b + 7 + 2 = 0, 3*x = -3*b - 6. What is the remainder when o(x) is divided by 17?
16
Let t = 22348 - 20289. Calculate the remainder when t is divided by 26.
5
Suppose x + 2*a - 333 = -4*x, 2*x + 2*a - 132 = 0. Let f = 133 - -322. Let q = -431 + f. Calculate the remainder when x is divided by q.
19
Suppose 0*t + 74 = -x + 5*t, 0 = x - 3*t + 64. Let w = x - -96. Calculate the remainder when 86 is divided by w.
39
Suppose 10*m - 7*m = 3*t - 21, 3*m + 12 = 0. Suppose 2*d - 50 = f, -5*f = d - 44 - t. Calculate the remainder when d is divided by 14.
13
Let p = -303 - -351. What is the remainder when 1919 is divided by p?
47
Let q(t) = t**3 + 18*t**2 + 33*t + 29. Let y(b) = -9*b - 16. Let d be y(0). Calculate the remainder when 98 is divided by q(d).
7
Suppose -11*t + 170355 = 126888 - 426948. Calculate the remainder when t is divided by 88.
85
Let r = 9141 - 9084. Let v = 19 - 13. Calculate the remainder when r is divided by v.
3
Suppose 0 = -28*v + 7*v + 84. Suppose -8*r - 3*c + 50 = -3*r, 2*r = -4*c + 20. Calculate the remainder when (v - 2) + 29 + 6 is divided by r.
7
Suppose -7*b + 34 = -22. Let s(p) = 2*p. Let a be s(-1). Let z(x) = 9*x**2 + x - 4. Calculate the remainder when z(a) is divided by b.
6
Suppose 4*m - 14*m = -60. Suppose -4*z + 46 = 2*v, 5*z + 4*v - 3 = 50. What is the remainder when (32/24)/(m/279) is divided by z?
10
Suppose -67*f + 9936 = 3102. Calculate the remainder when f is divided by 47.
8
Suppose 9*q = 269 + 361. Suppose 0 = r - 2*x - q, r - 9*x + 6*x = 65. What is the remainder when 192 is divided by r?
32
Let f = -29574 - -29727. Calculate the remainder when 1667 is divided by f.
137
Suppose 24 = 4*o - o. Let c(r) = 8*r**3 - 16*r**2 + 21*r - 6. What is the remainder when c(2) is divided by o?
4
Let l(z) = -z**3 - 24*z**2 + 48*z - 73. What is the remainder when 90 is divided by l(-26)?
28
Suppose 3*o - 459 = -0*o. Suppose -2*k + 42 = 2*u, 753*u - 34 = -2*k + 752*u. Calculate the remainder when o is divided by k.
10
Let i(z) = 161*z**2 + 97*z + 98. Calculate the remainder when 1096 is divided by i(-1).
124
Calculate the remainder when 7739 is divided by ((-5)/2)/(35/(-2016)*6) + -6.
17
Suppose 4*v + 633 + 635 = 0. Let n = -314 - v. Calculate the remainder when (-2)/5 - 57/(-5) is divided by n.
2
Let x(l) = -15*l**2 - 362*l - 1. What is the remainder when x(-24) is divided by 20?
7
Suppose 81*r - 162 - 18513 = 8298. What is the remainder when r is divided by 99?
36
Let i be -57*(54894/(-18))/(-7). Calculate the remainder when i/(-133) - (-4)/14 is divided by 47.
46
Calculate the remainder when (-5814)/(-12) - -7 - 5/2 is divided by 85.
64
Suppose 4603*u - 4600*u = -5*j + 666, -5*u + 10 = 0. What is the remainder when j is divided by 10?
2
Suppose 2*l + 4*i = 404, 1020 = 5*l - 2*i + 7*i. Suppose 3*g - l = -77. Calculate the remainder when 72 is divided by g.
29
Suppose -324*u + 322*u = -t - 231, -u + 4*t + 126 = 0. Calculate the remainder when 190 is divided by u.
76
Let p be ((-3)/(-9) - 3)*-90. Let c = -93 + p. Suppose -5*u + 83 = -c. What is the remainder when u is divided by 12?
10
Let j = 631 - 557. Suppose 0 = 5*v - 105 - 5. Let z = v + 4. What is the remainder when j is divided by z?
22
Suppose o + 1 = 5, 3*u - 570 = -3*o. What is the remainder when u is divided by 46?
2
Calculate the remainder when 2/(-7) - 867/(-21) is divided by ((-27)/(-18) + 9)*16/12.
13
Suppose 11 - 34 - 45 = -17*z. Suppose -72 = -j - 3*j. Let h = -3 + j. What is the remainder when h is divided by z?
3
Suppose 8*b - 12*b = -772. Suppose 0 = x - t - 47, -7*x - t + b = -3*x. Suppose -10*u + x = -4*u. What is the remainder when 10 is divided by u?
2
Suppose 5*w - 246 = 2*w. Let z(i) = -2*i**3 + 12*i**2 + 26*i + 21. Let b be z(7). Let c = b - w. Calculate the remainder when 66 is divided by c.
20
Let a = -27 - -43. Let f(m) = -m**3 + 9*m**2 + m - 14. Let x be f(9). Let s = -3 - x. Calculate the remainder when a is divided by s.
0
Let f = 8 + -2. Suppose -a + 8*a = 231. What is the remainder when a is divided by (3 + -1)*21/f?
5
Suppose 0 = 2*t - 219 + 47. Suppose 297*p - 139*p = 144*p + 308. Calculate the remainder when t is divided by p.
20
Let d(f) = f**3 - 14*f**2 - 35*f - 64. Let z be d(17). Suppose -z = 29*c - 45*c. Calculate the remainder when 3/((-3)/(-7))*4 is divided by c.
2
Let n(b) be the first derivative of -b**3/3 - 21*b**2 + 45*b - 108. What is the remainder when 402 is divided by n(-42)?
42
What is the remainder when 558 is divided by (-9)/(9/(-118)) + 5*3/(-3)?
106
Suppose 12*f - 19*f = 14. What is the remainder when 79 - (f + -5 - -15) is divided by 2?
1
Suppose -29*s + 34*s = -5*u + 65, 5*s - 71 = -3*u. Suppose 3*d = 4*d - 11. Suppose -4*o = h + d, o - 3 = h - 17. Calculate the remainder when s is divided by h.
7
Suppose 28*r = 201*r - 18857. Calculate the remainder when 25394 is divided by r.
106
Let u = -8892 + 8940. Calculate the remainder when 519 is divided by u.
39
Suppose -5*q - 506 + 451 = 0. Let t(m) = -3*m + 53. What is the remainder when t(q) is divided by 50?
36
Let v = 64 - 3480. What is the remainder when (-8)/(-28) - v/49 is divided by 24?
22
Let l(x) = 3*x + 42. Let v be l(27). Suppose 3*p + v = 3*k, -p - 4 = -0. What is the remainder when 72 is divided by k?
35
Suppose -4*s + 116 = 2*j, 209*s = 207*s + j + 62. What is the remainder when s is divided by 24?
6
Suppose 21*y = -84*y + 7980. What is the remainder when y is divided by (4/(-10))/((-3)/555)?
2
Let y = -159 - -164. Suppose -7*t - 5*p + 102 = -y*t, 4*p - 180 = -4*t. Calculate the remainder when 120 is divided by t.
38
Let h(q) = -16*q - 3. Let z = 688 + -661. Calculate the remainder when h(-6) is divided by 35 - (3 - z)/(-8).
29
Let v(u) = -4*u - 3. Suppose 2*w = -w + 9. Let c be v(w). Let i = c + 21. What is the remainder when i is divided by 2?
0
Let m = -23 - -226. Suppose 2*a - m = 295. Suppose 15216*t = 15349*t - 4788. What is the remainder when a is divided by t?
33
Let d(q) = q**3 - 21*q**2 - 492*q + 90. What is the remainder when 428 is divided by d(-14)?
74
Let l(v) = v**2 - 2*v + 3. Let q be l(1). Suppose 0 = q*x - 10. Suppose x*s + 286 = 3*f, -f + 78 = -s - 16. Calculate the remainder when f is divided by 31.
30
Let q(l) = l**3 - 23*l**2 + 22*l + 15. Let b = -283 - -537. Calculate the remainder when b is divided by q(22).
14
Let h(c) = -c**3 + 16*c**2 - 18*c + 79. Calculate the remainder when 45 is divided by h(15).
11
Suppose 5*l - 51 = -v, 51 = v + 2*l - 6. Suppose -2*u - 2*u = 1612. Let i = u - -646. What is the remainder when i is divided by v?
60
Let w(o) = 55*o + 1579. What is the remainder when w(0) is divided by 20?
19
Let h = -24 + 30. Let o be ((-30)/(-4))/(h/(-12)). What is the remainder when 49 is divided by (-4 + 7/3)*o?
24
Suppose 66733*a - 714 = 66732*a. What is the remainder when a is divided by 9?
3
Suppose -3*y + 192 = 3*y. Let m(z) = z - 5. Let s be m(8). Suppose 5*b - s*c = -256 + 720, -2*b + 3*c = -182. Calculate the remainder when b is divided by y.
30
Suppose 130 = 2*p - 2*c, -3*c = 5*p + c - 307. Let a be (-2 + 1)*3 + -49. Let j = -28 - a. Calculate the remainder when p is divided by j.
15
Suppose 0 = 2*n, -3*r + 6*r + 2*n = 39. Suppose r*x - 7*x = 240. Let u(a) = a**2 - 3*a + 2. Calculate the remainder when x is divided by u(5).
4
Suppose -9*n = 221*l - 226*l + 533, 2*n + 296 = 3*l. Calculate the remainder when 348 is divided by l.
66
Let w(l) = 5*l - 6. Let o be w(2). Suppose 0 = 4*k - 0*f - 4*f - 28, 4*f + o = 0. Suppose 0 = k*y - 79 + 13. Calculate the remainder when 38 is divided by y.
5
Let b(h) = -h**3 + 16*h**2 - 24*h - 1. Calculate the remainder when b(14) is divided by 16.
7
Let k(v) = -4*v**2 - 5*v + 7. Let r(q) = -q**2 - q + 1. Let x(j) = -k(j) + 3*r(j). Calculate the remainder when 2 - (-12 - -7) - (-70 + 0) is divided by x(4).
17
Suppose 5024 = 31*h - 1114. What is the remainder when h is divided by 11?
0
Let k(i) be the second derivative of -i**5/10 + i**4/3 + i**3/3 - i**2/2 + 59*i. What is the remainder when k(-3) is divided by 15?
8
Let w(i) = -4*i. What is the remainder when 125 is divided by w(-4)?
13
Let g be (9275/28 - 4) + (-1)/4. Suppose 7*i + g = 873. Calculat